{"id":1994,"date":"2017-02-28T11:06:56","date_gmt":"2017-02-28T10:06:56","guid":{"rendered":"http:\/\/www2.motorjournal.cz\/wp-content\/uploads\/2017\/02\/18-marcik-2-czcz.jpg"},"modified":"2023-03-18T20:20:38","modified_gmt":"2023-03-18T19:20:38","slug":"18-marcik-2-czcz","status":"inherit","type":"attachment","link":"https:\/\/www.motorjournal.cz\/en\/?attachment_id=1994","title":{"rendered":"Our Motorcycles \u2013 Part II \u010cZ 1930 \u2013 1953, Libor Mar\u010d\u00edk"},"author":3,"featured_media":0,"comment_status":"closed","ping_status":"closed","template":"","meta":{"kt_blocks_editor_width":"","_kad_blocks_custom_css":"","_kad_blocks_head_custom_js":"","_kad_blocks_body_custom_js":"","_kad_blocks_footer_custom_js":""},"class_list":["post-1994","attachment","type-attachment","status-inherit","hentry"],"aioseo_notices":[],"description":{"rendered":"<p class=\"attachment\"><a class=\"thumbnail\" href='https:\/\/www.motorjournal.cz\/wp-content\/uploads\/2017\/02\/18-marcik-2-czcz-e1488276435961.jpg'><img decoding=\"async\" width=\"230\" height=\"300\" src=\"https:\/\/www.motorjournal.cz\/wp-content\/uploads\/2017\/02\/18-marcik-2-czcz-230x300.jpg\" class=\"attachment-medium size-medium\" alt=\"Na\u0161e motocykly - II. d\u00edl \u010cZ 1930 - 1953, Libor Mar\u010d\u00edk\" srcset=\"https:\/\/www.motorjournal.cz\/wp-content\/uploads\/2017\/02\/18-marcik-2-czcz-230x300.jpg 230w, https:\/\/www.motorjournal.cz\/wp-content\/uploads\/2017\/02\/18-marcik-2-czcz-768x1003.jpg 768w, https:\/\/www.motorjournal.cz\/wp-content\/uploads\/2017\/02\/18-marcik-2-czcz-784x1024.jpg 784w, https:\/\/www.motorjournal.cz\/wp-content\/uploads\/2017\/02\/18-marcik-2-czcz-600x783.jpg 600w, https:\/\/www.motorjournal.cz\/wp-content\/uploads\/2017\/02\/18-marcik-2-czcz-e1488276435961-520x678.jpg 520w, https:\/\/www.motorjournal.cz\/wp-content\/uploads\/2017\/02\/18-marcik-2-czcz-e1488276435961-260x339.jpg 260w, https:\/\/www.motorjournal.cz\/wp-content\/uploads\/2017\/02\/18-marcik-2-czcz-e1488276435961.jpg 919w\" sizes=\"(max-width: 230px) 100vw, 230px\" \/><\/a><\/p>\n<p>Na\u0161e motocykly &#8211; II. d\u00edl \u010cZ 1930 &#8211; 1953, Libor Mar\u010d\u00edk<\/p>\n"},"caption":{"rendered":"<p>Na\u0161e motocykly &#8211; II. d\u00edl \u010cZ 1930 &#8211; 1953, Libor Mar\u010d\u00edk<\/p>\n"},"alt_text":"Na\u0161e motocykly - II. d\u00edl \u010cZ 1930 - 1953, Libor Mar\u010d\u00edk","media_type":"image","mime_type":"image\/jpeg","media_details":{"width":919,"height":1200,"file":"2017\/02\/18-marcik-2-czcz-e1488276435961.jpg","filesize":129004,"sizes":{"woocommerce_thumbnail":{"file":"18-marcik-2-czcz-e1488276435961-300x300.jpg","width":300,"height":300,"filesize":16450,"uncropped":false,"mime_type":"image\/jpeg","source_url":"https:\/\/www.motorjournal.cz\/wp-content\/uploads\/2017\/02\/18-marcik-2-czcz-e1488276435961-300x300.jpg"},"woocommerce_gallery_thumbnail":{"file":"18-marcik-2-czcz-e1488276435961-100x100.jpg","width":100,"height":100,"filesize":3024,"mime_type":"image\/jpeg","source_url":"https:\/\/www.motorjournal.cz\/wp-content\/uploads\/2017\/02\/18-marcik-2-czcz-e1488276435961-100x100.jpg"},"woocommerce_single":{"file":"18-marcik-2-czcz-e1488276435961-456x615.jpg","width":456,"height":615,"filesize":40088,"mime_type":"image\/jpeg","source_url":"https:\/\/www.motorjournal.cz\/wp-content\/uploads\/2017\/02\/18-marcik-2-czcz-e1488276435961-465x627.jpg"},"thumbnail":{"file":"18-marcik-2-czcz-150x150.jpg","width":150,"height":150,"mime_type":"image\/jpeg","source_url":"https:\/\/www.motorjournal.cz\/wp-content\/uploads\/2017\/02\/18-marcik-2-czcz-150x150.jpg"},"medium":{"file":"18-marcik-2-czcz-230x300.jpg","width":230,"height":300,"mime_type":"image\/jpeg","source_url":"https:\/\/www.motorjournal.cz\/wp-content\/uploads\/2017\/02\/18-marcik-2-czcz-230x300.jpg"},"medium_large":{"file":"18-marcik-2-czcz-768x1003.jpg","width":768,"height":1003,"mime_type":"image\/jpeg","source_url":"https:\/\/www.motorjournal.cz\/wp-content\/uploads\/2017\/02\/18-marcik-2-czcz-768x1003.jpg"},"large":{"file":"18-marcik-2-czcz-784x1024.jpg","width":784,"height":1024,"mime_type":"image\/jpeg","source_url":"https:\/\/www.motorjournal.cz\/wp-content\/uploads\/2017\/02\/18-marcik-2-czcz-784x1024.jpg"},"wysija-newsletters-max":{"file":"18-marcik-2-czcz-600x783.jpg","width":600,"height":783,"mime_type":"image\/jpeg","source_url":"https:\/\/www.motorjournal.cz\/wp-content\/uploads\/2017\/02\/18-marcik-2-czcz-600x783.jpg"},"shop_thumbnail":{"file":"18-marcik-2-czcz-e1488276435961-100x100.jpg","width":100,"height":100,"mime_type":"image\/jpeg","source_url":"https:\/\/www.motorjournal.cz\/wp-content\/uploads\/2017\/02\/18-marcik-2-czcz-e1488276435961-100x100.jpg"},"shop_catalog":{"file":"18-marcik-2-czcz-e1488276435961-300x300.jpg","width":300,"height":300,"uncropped":false,"mime_type":"image\/jpeg","source_url":"https:\/\/www.motorjournal.cz\/wp-content\/uploads\/2017\/02\/18-marcik-2-czcz-e1488276435961-300x300.jpg"},"shop_single":{"file":"18-marcik-2-czcz-e1488276435961-456x615.jpg","width":456,"height":615,"mime_type":"image\/jpeg","source_url":"https:\/\/www.motorjournal.cz\/wp-content\/uploads\/2017\/02\/18-marcik-2-czcz-e1488276435961-456x615.jpg"},"widget-thumb":{"file":"18-marcik-2-czcz-80x50.jpg","width":80,"height":50,"mime_type":"image\/jpeg","source_url":"https:\/\/www.motorjournal.cz\/wp-content\/uploads\/2017\/02\/18-marcik-2-czcz-80x50.jpg"},"sow-carousel-default":{"file":"18-marcik-2-czcz-272x182.jpg","width":272,"height":182,"mime_type":"image\/jpeg","source_url":"https:\/\/www.motorjournal.cz\/wp-content\/uploads\/2017\/02\/18-marcik-2-czcz-272x182.jpg"},"kip-456x615":{"file":"18-marcik-2-czcz-e1488276435961-456x615.jpg","width":456,"height":615,"mime_type":"image\/jpeg","source_url":"https:\/\/www.motorjournal.cz\/wp-content\/uploads\/2017\/02\/18-marcik-2-czcz-e1488276435961-456x615.jpg"},"kip-480x648":{"file":"18-marcik-2-czcz-e1488276435961-480x648.jpg","width":480,"height":648,"mime_type":"image\/jpeg","source_url":"https:\/\/www.motorjournal.cz\/wp-content\/uploads\/2017\/02\/18-marcik-2-czcz-e1488276435961-480x648.jpg"},"kip-240x324":{"file":"18-marcik-2-czcz-e1488276435961-240x324.jpg","width":240,"height":324,"mime_type":"image\/jpeg","source_url":"https:\/\/www.motorjournal.cz\/wp-content\/uploads\/2017\/02\/18-marcik-2-czcz-e1488276435961-240x324.jpg"},"kip-520x678":{"file":"18-marcik-2-czcz-e1488276435961-520x678.jpg","width":520,"height":678,"mime_type":"image\/jpeg","source_url":"https:\/\/www.motorjournal.cz\/wp-content\/uploads\/2017\/02\/18-marcik-2-czcz-e1488276435961-520x678.jpg"},"kip-260x339":{"file":"18-marcik-2-czcz-e1488276435961-260x339.jpg","width":260,"height":339,"mime_type":"image\/jpeg","source_url":"https:\/\/www.motorjournal.cz\/wp-content\/uploads\/2017\/02\/18-marcik-2-czcz-e1488276435961-260x339.jpg"},"kip-500x500":{"file":"18-marcik-2-czcz-e1488276435961-500x500.jpg","width":500,"height":500,"mime_type":"image\/jpeg","source_url":"https:\/\/www.motorjournal.cz\/wp-content\/uploads\/2017\/02\/18-marcik-2-czcz-e1488276435961-500x500.jpg"},"kip-250x250":{"file":"18-marcik-2-czcz-e1488276435961-250x250.jpg","width":250,"height":250,"mime_type":"image\/jpeg","source_url":"https:\/\/www.motorjournal.cz\/wp-content\/uploads\/2017\/02\/18-marcik-2-czcz-e1488276435961-250x250.jpg"},"kip-465x627":{"file":"18-marcik-2-czcz-e1488276435961-465x627.jpg","width":465,"height":627,"mime_type":"image\/jpeg","source_url":"https:\/\/www.motorjournal.cz\/wp-content\/uploads\/2017\/02\/18-marcik-2-czcz-e1488276435961-465x627.jpg"},"kip-600x810":{"file":"18-marcik-2-czcz-e1488276435961-600x810.jpg","width":600,"height":810,"mime_type":"image\/jpeg","source_url":"https:\/\/www.motorjournal.cz\/wp-content\/uploads\/2017\/02\/18-marcik-2-czcz-e1488276435961-600x810.jpg"},"kip-300x405":{"file":"18-marcik-2-czcz-e1488276435961-300x405.jpg","width":300,"height":405,"mime_type":"image\/jpeg","source_url":"https:\/\/www.motorjournal.cz\/wp-content\/uploads\/2017\/02\/18-marcik-2-czcz-e1488276435961-300x405.jpg"},"kip-465x465":{"file":"18-marcik-2-czcz-e1488276435961-465x465.jpg","width":465,"height":465,"mime_type":"image\/jpeg","source_url":"https:\/\/www.motorjournal.cz\/wp-content\/uploads\/2017\/02\/18-marcik-2-czcz-e1488276435961-465x465.jpg"},"kip-154x154":{"file":"18-marcik-2-czcz-e1488276435961-154x154.jpg","width":154,"height":154,"mime_type":"image\/jpeg","source_url":"https:\/\/www.motorjournal.cz\/wp-content\/uploads\/2017\/02\/18-marcik-2-czcz-e1488276435961-154x154.jpg"},"kip-77x77":{"file":"18-marcik-2-czcz-e1488276435961-77x77.jpg","width":77,"height":77,"mime_type":"image\/jpeg","source_url":"https:\/\/www.motorjournal.cz\/wp-content\/uploads\/2017\/02\/18-marcik-2-czcz-e1488276435961-77x77.jpg"},"full":{"file":"18-marcik-2-czcz-e1488276435961.jpg","width":919,"height":1200,"mime_type":"image\/jpeg","source_url":"https:\/\/www.motorjournal.cz\/wp-content\/uploads\/2017\/02\/18-marcik-2-czcz-e1488276435961.jpg"}},"image_meta":{"aperture":"0","credit":"","camera":"","caption":"","created_timestamp":"0","copyright":"","focal_length":"0","iso":"0","shutter_speed":"0","title":"","orientation":"0","keywords":[]}},"post":1993,"source_url":"https:\/\/www.motorjournal.cz\/wp-content\/uploads\/2017\/02\/18-marcik-2-czcz-e1488276435961.jpg","_links":{"self":[{"href":"https:\/\/www.motorjournal.cz\/en\/wp-json\/wp\/v2\/media\/1994","targetHints":{"allow":["GET"]}}],"collection":[{"href":"https:\/\/www.motorjournal.cz\/en\/wp-json\/wp\/v2\/media"}],"about":[{"href":"https:\/\/www.motorjournal.cz\/en\/wp-json\/wp\/v2\/types\/attachment"}],"author":[{"embeddable":true,"href":"https:\/\/www.motorjournal.cz\/en\/wp-json\/wp\/v2\/users\/3"}],"replies":[{"embeddable":true,"href":"https:\/\/www.motorjournal.cz\/en\/wp-json\/wp\/v2\/comments?post=1994"}],"wp:attached-to":[{"embeddable":true,"post_type":"product","id":1993,"href":"https:\/\/www.motorjournal.cz\/en\/wp-json\/wp\/v2\/product\/1993"}],"curies":[{"name":"wp","href":"https:\/\/api.w.org\/{rel}","templated":true}]}}

Our Motorcycles – Part II ČZ 1930 – 1953, Libor Marčík

<p class="attachment"><a class="thumbnail" href='https://www.motorjournal.cz/wp-content/uploads/2017/02/18-marcik-2-czcz-e1488276435961.jpg'><img decoding="async" width="230" height="300" src="https://www.motorjournal.cz/wp-content/uploads/2017/02/18-marcik-2-czcz-230x300.jpg" class="attachment-medium size-medium" alt="Naše motocykly - II. díl ČZ 1930 - 1953, Libor Marčík" srcset="https://www.motorjournal.cz/wp-content/uploads/2017/02/18-marcik-2-czcz-230x300.jpg 230w, https://www.motorjournal.cz/wp-content/uploads/2017/02/18-marcik-2-czcz-768x1003.jpg 768w, https://www.motorjournal.cz/wp-content/uploads/2017/02/18-marcik-2-czcz-784x1024.jpg 784w, https://www.motorjournal.cz/wp-content/uploads/2017/02/18-marcik-2-czcz-600x783.jpg 600w, https://www.motorjournal.cz/wp-content/uploads/2017/02/18-marcik-2-czcz-e1488276435961-520x678.jpg 520w, https://www.motorjournal.cz/wp-content/uploads/2017/02/18-marcik-2-czcz-e1488276435961-260x339.jpg 260w, https://www.motorjournal.cz/wp-content/uploads/2017/02/18-marcik-2-czcz-e1488276435961.jpg 919w" sizes="(max-width: 230px) 100vw, 230px" /></a></p>
<p>Naše motocykly &#8211; II. díl ČZ 1930 &#8211; 1953, Libor Marčík</p>

<p>Naše motocykly &#8211; II. díl ČZ 1930 &#8211; 1953, Libor Marčík</p>

Naše motocykly - II. díl ČZ 1930 - 1953, Libor Marčík
