{"id":20402,"date":"2020-03-03T22:28:41","date_gmt":"2020-03-03T21:28:41","guid":{"rendered":"https:\/\/www.motorjournal.cz\/wp-content\/uploads\/2020\/03\/trh-print-10.jpg"},"modified":"2023-03-18T20:01:03","modified_gmt":"2023-03-18T19:01:03","slug":"trh-print-10","status":"inherit","type":"attachment","link":"https:\/\/www.motorjournal.cz\/en\/?attachment_id=20402","title":{"rendered":"Our Motorcycle Market, The First 120 Years, 1895\u20132014, Milan Vesel\u00fd"},"author":1,"featured_media":0,"comment_status":"closed","ping_status":"closed","template":"","meta":{"kt_blocks_editor_width":"","_kad_blocks_custom_css":"","_kad_blocks_head_custom_js":"","_kad_blocks_body_custom_js":"","_kad_blocks_footer_custom_js":""},"class_list":["post-20402","attachment","type-attachment","status-inherit","hentry"],"aioseo_notices":[],"description":{"rendered":"<p class=\"attachment\"><a class=\"thumbnail\" href='https:\/\/www.motorjournal.cz\/wp-content\/uploads\/2020\/03\/trh-print-10.jpg'><img decoding=\"async\" width=\"228\" height=\"300\" src=\"https:\/\/www.motorjournal.cz\/wp-content\/uploads\/2020\/03\/trh-print-10-228x300.jpg\" class=\"attachment-medium size-medium\" alt=\"N\u00e1\u0161 motocyklov\u00fd trh, Prvn\u00edch 120 let, 1895\u20132014, Milan Vesel\u00fd\" srcset=\"https:\/\/www.motorjournal.cz\/wp-content\/uploads\/2020\/03\/trh-print-10-228x300.jpg 228w, https:\/\/www.motorjournal.cz\/wp-content\/uploads\/2020\/03\/trh-print-10.jpg 624w\" sizes=\"(max-width: 228px) 100vw, 228px\" \/><\/a><\/p>\n<p>N\u00e1\u0161 motocyklov\u00fd trh, Prvn\u00edch 120 let, 1895\u20132014, Milan Vesel\u00fd<\/p>\n"},"caption":{"rendered":"<p>N\u00e1\u0161 motocyklov\u00fd trh, Prvn\u00edch 120 let, 1895\u20132014, Milan Vesel\u00fd<\/p>\n"},"alt_text":"N\u00e1\u0161 motocyklov\u00fd trh, Prvn\u00edch 120 let, 1895\u20132014, Milan Vesel\u00fd","media_type":"image","mime_type":"image\/jpeg","media_details":{"width":624,"height":822,"file":"2020\/03\/trh-print-10.jpg","filesize":107738,"sizes":{"woocommerce_thumbnail":{"file":"trh-print-10-300x300.jpg","width":300,"height":300,"filesize":25255,"uncropped":false,"mime_type":"image\/jpeg","source_url":"https:\/\/www.motorjournal.cz\/wp-content\/uploads\/2020\/03\/trh-print-10-300x300.jpg"},"woocommerce_gallery_thumbnail":{"file":"trh-print-10-100x100.jpg","width":100,"height":100,"filesize":4380,"mime_type":"image\/jpeg","source_url":"https:\/\/www.motorjournal.cz\/wp-content\/uploads\/2020\/03\/trh-print-10-100x100.jpg"},"woocommerce_single":{"file":"trh-print-10-456x615.jpg","width":456,"height":615,"filesize":63479,"mime_type":"image\/jpeg","source_url":"https:\/\/www.motorjournal.cz\/wp-content\/uploads\/2020\/03\/trh-print-10-465x627.jpg"},"medium":{"file":"trh-print-10-228x300.jpg","width":228,"height":300,"mime_type":"image\/jpeg","source_url":"https:\/\/www.motorjournal.cz\/wp-content\/uploads\/2020\/03\/trh-print-10-228x300.jpg"},"thumbnail":{"file":"trh-print-10-150x150.jpg","width":150,"height":150,"mime_type":"image\/jpeg","source_url":"https:\/\/www.motorjournal.cz\/wp-content\/uploads\/2020\/03\/trh-print-10-150x150.jpg"},"widget-thumb":{"file":"trh-print-10-80x50.jpg","width":80,"height":50,"mime_type":"image\/jpeg","source_url":"https:\/\/www.motorjournal.cz\/wp-content\/uploads\/2020\/03\/trh-print-10-80x50.jpg"},"shop_catalog":{"file":"trh-print-10-300x300.jpg","width":300,"height":300,"uncropped":false,"mime_type":"image\/jpeg","source_url":"https:\/\/www.motorjournal.cz\/wp-content\/uploads\/2020\/03\/trh-print-10-300x300.jpg"},"shop_single":{"file":"trh-print-10-456x615.jpg","width":456,"height":615,"mime_type":"image\/jpeg","source_url":"https:\/\/www.motorjournal.cz\/wp-content\/uploads\/2020\/03\/trh-print-10-456x615.jpg"},"shop_thumbnail":{"file":"trh-print-10-100x100.jpg","width":100,"height":100,"mime_type":"image\/jpeg","source_url":"https:\/\/www.motorjournal.cz\/wp-content\/uploads\/2020\/03\/trh-print-10-100x100.jpg"},"sow-carousel-default":{"file":"trh-print-10-272x182.jpg","width":272,"height":182,"mime_type":"image\/jpeg","source_url":"https:\/\/www.motorjournal.cz\/wp-content\/uploads\/2020\/03\/trh-print-10-272x182.jpg"},"kip-465x627":{"file":"trh-print-10-465x627.jpg","width":465,"height":627,"mime_type":"image\/jpeg","source_url":"https:\/\/www.motorjournal.cz\/wp-content\/uploads\/2020\/03\/trh-print-10-465x627.jpg"},"kip-154x154":{"file":"trh-print-10-154x154.jpg","width":154,"height":154,"mime_type":"image\/jpeg","source_url":"https:\/\/www.motorjournal.cz\/wp-content\/uploads\/2020\/03\/trh-print-10-154x154.jpg"},"kip-77x77":{"file":"trh-print-10-77x77.jpg","width":77,"height":77,"mime_type":"image\/jpeg","source_url":"https:\/\/www.motorjournal.cz\/wp-content\/uploads\/2020\/03\/trh-print-10-77x77.jpg"},"kip-480x648":{"file":"trh-print-10-480x648.jpg","width":480,"height":648,"mime_type":"image\/jpeg","source_url":"https:\/\/www.motorjournal.cz\/wp-content\/uploads\/2020\/03\/trh-print-10-480x648.jpg"},"kip-240x324":{"file":"trh-print-10-240x324.jpg","width":240,"height":324,"mime_type":"image\/jpeg","source_url":"https:\/\/www.motorjournal.cz\/wp-content\/uploads\/2020\/03\/trh-print-10-240x324.jpg"},"kip-600x810":{"file":"trh-print-10-600x810.jpg","width":600,"height":810,"mime_type":"image\/jpeg","source_url":"https:\/\/www.motorjournal.cz\/wp-content\/uploads\/2020\/03\/trh-print-10-600x810.jpg"},"kip-300x405":{"file":"trh-print-10-300x405.jpg","width":300,"height":405,"mime_type":"image\/jpeg","source_url":"https:\/\/www.motorjournal.cz\/wp-content\/uploads\/2020\/03\/trh-print-10-300x405.jpg"},"full":{"file":"trh-print-10.jpg","width":624,"height":822,"mime_type":"image\/jpeg","source_url":"https:\/\/www.motorjournal.cz\/wp-content\/uploads\/2020\/03\/trh-print-10.jpg"}},"image_meta":{"aperture":"0","credit":"","camera":"","caption":"","created_timestamp":"0","copyright":"","focal_length":"0","iso":"0","shutter_speed":"0","title":"","orientation":"0","keywords":[]}},"post":20360,"source_url":"https:\/\/www.motorjournal.cz\/wp-content\/uploads\/2020\/03\/trh-print-10.jpg","_links":{"self":[{"href":"https:\/\/www.motorjournal.cz\/en\/wp-json\/wp\/v2\/media\/20402","targetHints":{"allow":["GET"]}}],"collection":[{"href":"https:\/\/www.motorjournal.cz\/en\/wp-json\/wp\/v2\/media"}],"about":[{"href":"https:\/\/www.motorjournal.cz\/en\/wp-json\/wp\/v2\/types\/attachment"}],"author":[{"embeddable":true,"href":"https:\/\/www.motorjournal.cz\/en\/wp-json\/wp\/v2\/users\/1"}],"replies":[{"embeddable":true,"href":"https:\/\/www.motorjournal.cz\/en\/wp-json\/wp\/v2\/comments?post=20402"}],"wp:attached-to":[{"embeddable":true,"post_type":"product","id":20360,"href":"https:\/\/www.motorjournal.cz\/en\/wp-json\/wp\/v2\/product\/20360"}],"curies":[{"name":"wp","href":"https:\/\/api.w.org\/{rel}","templated":true}]}}

Our Motorcycle Market, The First 120 Years, 1895–2014, Milan Veselý

<p class="attachment"><a class="thumbnail" href='https://www.motorjournal.cz/wp-content/uploads/2020/03/trh-print-10.jpg'><img decoding="async" width="228" height="300" src="https://www.motorjournal.cz/wp-content/uploads/2020/03/trh-print-10-228x300.jpg" class="attachment-medium size-medium" alt="Náš motocyklový trh, Prvních 120 let, 1895–2014, Milan Veselý" srcset="https://www.motorjournal.cz/wp-content/uploads/2020/03/trh-print-10-228x300.jpg 228w, https://www.motorjournal.cz/wp-content/uploads/2020/03/trh-print-10.jpg 624w" sizes="(max-width: 228px) 100vw, 228px" /></a></p>
<p>Náš motocyklový trh, Prvních 120 let, 1895–2014, Milan Veselý</p>

<p>Náš motocyklový trh, Prvních 120 let, 1895–2014, Milan Veselý</p>

Náš motocyklový trh, Prvních 120 let, 1895–2014, Milan Veselý
