{"id":34165,"date":"2022-08-11T12:07:37","date_gmt":"2022-08-11T11:07:37","guid":{"rendered":"https:\/\/www.motorjournal.cz\/wp-content\/uploads\/2022\/08\/Do-houfu-003.jpeg"},"modified":"2023-03-18T20:10:43","modified_gmt":"2023-03-18T19:10:43","slug":"do-houfu-003","status":"inherit","type":"attachment","link":"https:\/\/www.motorjournal.cz\/en\/?attachment_id=34165","title":{"rendered":"Come on! 100 years of organized motoring in the Czech lands, Jan N\u011bmec, Sylvie Zouharov\u00e1 Dykov\u00e1, Milan Rud\u00edk"},"author":6,"featured_media":0,"comment_status":"closed","ping_status":"closed","template":"","meta":{"kt_blocks_editor_width":"","_kad_blocks_custom_css":"","_kad_blocks_head_custom_js":"","_kad_blocks_body_custom_js":"","_kad_blocks_footer_custom_js":""},"class_list":["post-34165","attachment","type-attachment","status-inherit","hentry"],"aioseo_notices":[],"description":{"rendered":"<p class=\"attachment\"><a class=\"thumbnail\" href='https:\/\/www.motorjournal.cz\/wp-content\/uploads\/2022\/08\/Do-houfu-003.jpeg'><img decoding=\"async\" width=\"202\" height=\"300\" src=\"https:\/\/www.motorjournal.cz\/wp-content\/uploads\/2022\/08\/Do-houfu-003-202x300.jpeg\" class=\"attachment-medium size-medium\" alt=\"Do houfu! 100 let organizovan\u00e9ho motorismu v \u010desk\u00fdch zem\u00edch, Jan N\u011bmec, Sylvie Zouharov\u00e1 Dykov\u00e1, Milan Rud\u00edk\" srcset=\"https:\/\/www.motorjournal.cz\/wp-content\/uploads\/2022\/08\/Do-houfu-003-202x300.jpeg 202w, https:\/\/www.motorjournal.cz\/wp-content\/uploads\/2022\/08\/Do-houfu-003.jpeg 431w\" sizes=\"(max-width: 202px) 100vw, 202px\" \/><\/a><\/p>\n<p>Do houfu! 100 let organizovan\u00e9ho motorismu v&nbsp;\u010desk\u00fdch zem\u00edch, Jan N\u011bmec, Sylvie Zouharov\u00e1 Dykov\u00e1, Milan Rud\u00edk<\/p>\n"},"caption":{"rendered":"<p>Do houfu! 100 let organizovan\u00e9ho motorismu v&nbsp;\u010desk\u00fdch zem\u00edch, Jan N\u011bmec, Sylvie Zouharov\u00e1 Dykov\u00e1, Milan Rud\u00edk<\/p>\n"},"alt_text":"Do houfu! 100 let organizovan\u00e9ho motorismu v \u010desk\u00fdch zem\u00edch, Jan N\u011bmec, Sylvie Zouharov\u00e1 Dykov\u00e1, Milan Rud\u00edk","media_type":"image","mime_type":"image\/jpeg","media_details":{"width":431,"height":640,"file":"2022\/08\/Do-houfu-003.jpeg","filesize":97166,"sizes":{"woocommerce_thumbnail":{"file":"Do-houfu-003-300x300.jpeg","width":300,"height":300,"filesize":22476,"uncropped":false,"mime_type":"image\/jpeg","source_url":"https:\/\/www.motorjournal.cz\/wp-content\/uploads\/2022\/08\/Do-houfu-003-300x300.jpeg"},"woocommerce_gallery_thumbnail":{"file":"Do-houfu-003-100x100.jpeg","width":100,"height":100,"filesize":3588,"mime_type":"image\/jpeg","source_url":"https:\/\/www.motorjournal.cz\/wp-content\/uploads\/2022\/08\/Do-houfu-003-100x100.jpeg"},"woocommerce_single":{"file":"Do-houfu-003-431x615.jpeg","width":431,"height":615,"filesize":62490,"mime_type":"image\/jpeg","source_url":"https:\/\/www.motorjournal.cz\/wp-content\/uploads\/2022\/08\/Do-houfu-003-431x615.jpeg"},"medium":{"file":"Do-houfu-003-202x300.jpeg","width":202,"height":300,"filesize":14634,"mime_type":"image\/jpeg","source_url":"https:\/\/www.motorjournal.cz\/wp-content\/uploads\/2022\/08\/Do-houfu-003-202x300.jpeg"},"thumbnail":{"file":"Do-houfu-003-150x150.jpeg","width":150,"height":150,"filesize":6832,"mime_type":"image\/jpeg","source_url":"https:\/\/www.motorjournal.cz\/wp-content\/uploads\/2022\/08\/Do-houfu-003-150x150.jpeg"},"widget-thumb":{"file":"Do-houfu-003-80x50.jpeg","width":80,"height":50,"filesize":1838,"mime_type":"image\/jpeg","source_url":"https:\/\/www.motorjournal.cz\/wp-content\/uploads\/2022\/08\/Do-houfu-003-80x50.jpeg"},"shop_catalog":{"file":"Do-houfu-003-300x300.jpeg","width":300,"height":300,"filesize":22461,"mime_type":"image\/jpeg","source_url":"https:\/\/www.motorjournal.cz\/wp-content\/uploads\/2022\/08\/Do-houfu-003-300x300.jpeg"},"shop_single":{"file":"Do-houfu-003-431x615.jpeg","width":431,"height":615,"filesize":62511,"mime_type":"image\/jpeg","source_url":"https:\/\/www.motorjournal.cz\/wp-content\/uploads\/2022\/08\/Do-houfu-003-431x615.jpeg"},"shop_thumbnail":{"file":"Do-houfu-003-100x100.jpeg","width":100,"height":100,"filesize":3591,"mime_type":"image\/jpeg","source_url":"https:\/\/www.motorjournal.cz\/wp-content\/uploads\/2022\/08\/Do-houfu-003-100x100.jpeg"},"cmplz_banner_image":{"file":"Do-houfu-003-350x100.jpeg","width":350,"height":100,"filesize":9485,"mime_type":"image\/jpeg","source_url":"https:\/\/www.motorjournal.cz\/wp-content\/uploads\/2022\/08\/Do-houfu-003-350x100.jpeg"},"sow-carousel-default":{"file":"Do-houfu-003-272x182.jpeg","width":272,"height":182,"filesize":12389,"mime_type":"image\/jpeg","source_url":"https:\/\/www.motorjournal.cz\/wp-content\/uploads\/2022\/08\/Do-houfu-003-272x182.jpeg"},"kip-154x154":{"file":"Do-houfu-003-154x154.jpeg","width":154,"height":154,"mime_type":"image\/jpeg","source_url":"https:\/\/www.motorjournal.cz\/wp-content\/uploads\/2022\/08\/Do-houfu-003-154x154.jpeg"},"kip-77x77":{"file":"Do-houfu-003-77x77.jpeg","width":77,"height":77,"mime_type":"image\/jpeg","source_url":"https:\/\/www.motorjournal.cz\/wp-content\/uploads\/2022\/08\/Do-houfu-003-77x77.jpeg"},"kip-240x324":{"file":"Do-houfu-003-240x324.jpeg","width":240,"height":324,"mime_type":"image\/jpeg","source_url":"https:\/\/www.motorjournal.cz\/wp-content\/uploads\/2022\/08\/Do-houfu-003-240x324.jpeg"},"full":{"file":"Do-houfu-003.jpeg","width":431,"height":640,"mime_type":"image\/jpeg","source_url":"https:\/\/www.motorjournal.cz\/wp-content\/uploads\/2022\/08\/Do-houfu-003.jpeg"}},"image_meta":{"aperture":"0","credit":"","camera":"","caption":"","created_timestamp":"0","copyright":"","focal_length":"0","iso":"0","shutter_speed":"0","title":"","orientation":"1","keywords":[]}},"post":34162,"source_url":"https:\/\/www.motorjournal.cz\/wp-content\/uploads\/2022\/08\/Do-houfu-003.jpeg","_links":{"self":[{"href":"https:\/\/www.motorjournal.cz\/en\/wp-json\/wp\/v2\/media\/34165","targetHints":{"allow":["GET"]}}],"collection":[{"href":"https:\/\/www.motorjournal.cz\/en\/wp-json\/wp\/v2\/media"}],"about":[{"href":"https:\/\/www.motorjournal.cz\/en\/wp-json\/wp\/v2\/types\/attachment"}],"author":[{"embeddable":true,"href":"https:\/\/www.motorjournal.cz\/en\/wp-json\/wp\/v2\/users\/6"}],"replies":[{"embeddable":true,"href":"https:\/\/www.motorjournal.cz\/en\/wp-json\/wp\/v2\/comments?post=34165"}],"wp:attached-to":[{"embeddable":true,"post_type":"product","id":34162,"href":"https:\/\/www.motorjournal.cz\/en\/wp-json\/wp\/v2\/product\/34162"}],"curies":[{"name":"wp","href":"https:\/\/api.w.org\/{rel}","templated":true}]}}

Come on! 100 years of organized motoring in the Czech lands, Jan Němec, Sylvie Zouharová Dyková, Milan Rudík

<p class="attachment"><a class="thumbnail" href='https://www.motorjournal.cz/wp-content/uploads/2022/08/Do-houfu-003.jpeg'><img decoding="async" width="202" height="300" src="https://www.motorjournal.cz/wp-content/uploads/2022/08/Do-houfu-003-202x300.jpeg" class="attachment-medium size-medium" alt="Do houfu! 100 let organizovaného motorismu v českých zemích, Jan Němec, Sylvie Zouharová Dyková, Milan Rudík" srcset="https://www.motorjournal.cz/wp-content/uploads/2022/08/Do-houfu-003-202x300.jpeg 202w, https://www.motorjournal.cz/wp-content/uploads/2022/08/Do-houfu-003.jpeg 431w" sizes="(max-width: 202px) 100vw, 202px" /></a></p>
<p>Do houfu! 100 let organizovaného motorismu v&nbsp;českých zemích, Jan Němec, Sylvie Zouharová Dyková, Milan Rudík</p>

<p>Do houfu! 100 let organizovaného motorismu v&nbsp;českých zemích, Jan Němec, Sylvie Zouharová Dyková, Milan Rudík</p>

Do houfu! 100 let organizovaného motorismu v českých zemích, Jan Němec, Sylvie Zouharová Dyková, Milan Rudík
