{"id":36256,"date":"2023-01-20T09:46:15","date_gmt":"2023-01-20T08:46:15","guid":{"rendered":"https:\/\/www.motorjournal.cz\/wp-content\/uploads\/2023\/01\/Autokluby-Dykova-002.jpeg"},"modified":"2023-03-18T20:09:16","modified_gmt":"2023-03-18T19:09:16","slug":"autokluby-dykova-002","status":"inherit","type":"attachment","link":"https:\/\/www.motorjournal.cz\/en\/?attachment_id=36256","title":{"rendered":"Behind the wheel without fear and chicana. The phenomenon of car clubs in the Czech lands 1904-1951, Sylvie Zouharov\u00e1 Dykov\u00e1, Jan N\u011bmec"},"author":6,"featured_media":0,"comment_status":"closed","ping_status":"closed","template":"","meta":{"kt_blocks_editor_width":"","_kad_blocks_custom_css":"","_kad_blocks_head_custom_js":"","_kad_blocks_body_custom_js":"","_kad_blocks_footer_custom_js":""},"class_list":["post-36256","attachment","type-attachment","status-inherit","hentry"],"aioseo_notices":[],"description":{"rendered":"<p class=\"attachment\"><a class=\"thumbnail\" href='https:\/\/www.motorjournal.cz\/wp-content\/uploads\/2023\/01\/Autokluby-Dykova-002.jpeg'><img decoding=\"async\" width=\"300\" height=\"300\" src=\"https:\/\/www.motorjournal.cz\/wp-content\/uploads\/2023\/01\/Autokluby-Dykova-002-300x300.jpeg\" class=\"attachment-medium size-medium\" alt=\"Za volantem bez b\u00e1zn\u011b a chikany. Fenom\u00e9n autoklub\u016f v \u010desk\u00fdch zem\u00edch 1904-1951, Sylvie Zouharov\u00e1 Dykov\u00e1, Jan N\u011bmec\" srcset=\"https:\/\/www.motorjournal.cz\/wp-content\/uploads\/2023\/01\/Autokluby-Dykova-002-300x300.jpeg 300w, https:\/\/www.motorjournal.cz\/wp-content\/uploads\/2023\/01\/Autokluby-Dykova-002-100x100.jpeg 100w, https:\/\/www.motorjournal.cz\/wp-content\/uploads\/2023\/01\/Autokluby-Dykova-002-150x150.jpeg 150w, https:\/\/www.motorjournal.cz\/wp-content\/uploads\/2023\/01\/Autokluby-Dykova-002-154x154.jpeg 154w, https:\/\/www.motorjournal.cz\/wp-content\/uploads\/2023\/01\/Autokluby-Dykova-002-77x77.jpeg 77w, https:\/\/www.motorjournal.cz\/wp-content\/uploads\/2023\/01\/Autokluby-Dykova-002.jpeg 481w\" sizes=\"(max-width: 300px) 100vw, 300px\" \/><\/a><\/p>\n<p>Za volantem bez b\u00e1zn\u011b a&nbsp;chikany. Fenom\u00e9n autoklub\u016f v&nbsp;\u010desk\u00fdch zem\u00edch 1904-1951, Sylvie Zouharov\u00e1 Dykov\u00e1, Jan N\u011bmec<\/p>\n"},"caption":{"rendered":"<p>Za volantem bez b\u00e1zn\u011b a&nbsp;chikany. Fenom\u00e9n autoklub\u016f v&nbsp;\u010desk\u00fdch zem\u00edch 1904-1951, Sylvie Zouharov\u00e1 Dykov\u00e1, Jan N\u011bmec<\/p>\n"},"alt_text":"Za volantem bez b\u00e1zn\u011b a chikany. Fenom\u00e9n autoklub\u016f v \u010desk\u00fdch zem\u00edch 1904-1951, Sylvie Zouharov\u00e1 Dykov\u00e1, Jan N\u011bmec","media_type":"image","mime_type":"image\/jpeg","media_details":{"width":481,"height":482,"file":"2023\/01\/Autokluby-Dykova-002.jpeg","filesize":88456,"sizes":{"woocommerce_thumbnail":{"file":"Autokluby-Dykova-002-300x300.jpeg","width":300,"height":300,"filesize":20576,"uncropped":false,"mime_type":"image\/jpeg","source_url":"https:\/\/www.motorjournal.cz\/wp-content\/uploads\/2023\/01\/Autokluby-Dykova-002-300x300.jpeg"},"woocommerce_gallery_thumbnail":{"file":"Autokluby-Dykova-002-100x100.jpeg","width":100,"height":100,"filesize":2840,"mime_type":"image\/jpeg","source_url":"https:\/\/www.motorjournal.cz\/wp-content\/uploads\/2023\/01\/Autokluby-Dykova-002-100x100.jpeg"},"woocommerce_single":{"file":"Autokluby-Dykova-002-456x482.jpeg","width":456,"height":482,"filesize":59369,"mime_type":"image\/jpeg","source_url":"https:\/\/www.motorjournal.cz\/wp-content\/uploads\/2023\/01\/Autokluby-Dykova-002-456x482.jpeg"},"medium":{"file":"Autokluby-Dykova-002-300x300.jpeg","width":300,"height":300,"filesize":20475,"mime_type":"image\/jpeg","source_url":"https:\/\/www.motorjournal.cz\/wp-content\/uploads\/2023\/01\/Autokluby-Dykova-002-300x300.jpeg"},"thumbnail":{"file":"Autokluby-Dykova-002-150x150.jpeg","width":150,"height":150,"filesize":5793,"mime_type":"image\/jpeg","source_url":"https:\/\/www.motorjournal.cz\/wp-content\/uploads\/2023\/01\/Autokluby-Dykova-002-150x150.jpeg"},"widget-thumb":{"file":"Autokluby-Dykova-002-80x50.jpeg","width":80,"height":50,"filesize":1640,"mime_type":"image\/jpeg","source_url":"https:\/\/www.motorjournal.cz\/wp-content\/uploads\/2023\/01\/Autokluby-Dykova-002-80x50.jpeg"},"cmplz_banner_image":{"file":"Autokluby-Dykova-002-350x100.jpeg","width":350,"height":100,"filesize":9787,"mime_type":"image\/jpeg","source_url":"https:\/\/www.motorjournal.cz\/wp-content\/uploads\/2023\/01\/Autokluby-Dykova-002-350x100.jpeg"},"sow-carousel-default":{"file":"Autokluby-Dykova-002-272x182.jpeg","width":272,"height":182,"filesize":13478,"mime_type":"image\/jpeg","source_url":"https:\/\/www.motorjournal.cz\/wp-content\/uploads\/2023\/01\/Autokluby-Dykova-002-272x182.jpeg"},"kip-154x154":{"file":"Autokluby-Dykova-002-154x154.jpeg","width":154,"height":154,"mime_type":"image\/jpeg","source_url":"https:\/\/www.motorjournal.cz\/wp-content\/uploads\/2023\/01\/Autokluby-Dykova-002-154x154.jpeg"},"kip-77x77":{"file":"Autokluby-Dykova-002-77x77.jpeg","width":77,"height":77,"mime_type":"image\/jpeg","source_url":"https:\/\/www.motorjournal.cz\/wp-content\/uploads\/2023\/01\/Autokluby-Dykova-002-77x77.jpeg"},"full":{"file":"Autokluby-Dykova-002.jpeg","width":481,"height":482,"mime_type":"image\/jpeg","source_url":"https:\/\/www.motorjournal.cz\/wp-content\/uploads\/2023\/01\/Autokluby-Dykova-002.jpeg"}},"image_meta":{"aperture":"0","credit":"","camera":"","caption":"","created_timestamp":"0","copyright":"","focal_length":"0","iso":"0","shutter_speed":"0","title":"","orientation":"1","keywords":[]}},"post":36252,"source_url":"https:\/\/www.motorjournal.cz\/wp-content\/uploads\/2023\/01\/Autokluby-Dykova-002.jpeg","_links":{"self":[{"href":"https:\/\/www.motorjournal.cz\/en\/wp-json\/wp\/v2\/media\/36256","targetHints":{"allow":["GET"]}}],"collection":[{"href":"https:\/\/www.motorjournal.cz\/en\/wp-json\/wp\/v2\/media"}],"about":[{"href":"https:\/\/www.motorjournal.cz\/en\/wp-json\/wp\/v2\/types\/attachment"}],"author":[{"embeddable":true,"href":"https:\/\/www.motorjournal.cz\/en\/wp-json\/wp\/v2\/users\/6"}],"replies":[{"embeddable":true,"href":"https:\/\/www.motorjournal.cz\/en\/wp-json\/wp\/v2\/comments?post=36256"}],"wp:attached-to":[{"embeddable":true,"post_type":"product","id":36252,"href":"https:\/\/www.motorjournal.cz\/en\/wp-json\/wp\/v2\/product\/36252"}],"curies":[{"name":"wp","href":"https:\/\/api.w.org\/{rel}","templated":true}]}}

Behind the wheel without fear and chicana. The phenomenon of car clubs in the Czech lands 1904-1951, Sylvie Zouharová Dyková, Jan Němec

<p class="attachment"><a class="thumbnail" href='https://www.motorjournal.cz/wp-content/uploads/2023/01/Autokluby-Dykova-002.jpeg'><img decoding="async" width="300" height="300" src="https://www.motorjournal.cz/wp-content/uploads/2023/01/Autokluby-Dykova-002-300x300.jpeg" class="attachment-medium size-medium" alt="Za volantem bez bázně a chikany. Fenomén autoklubů v českých zemích 1904-1951, Sylvie Zouharová Dyková, Jan Němec" srcset="https://www.motorjournal.cz/wp-content/uploads/2023/01/Autokluby-Dykova-002-300x300.jpeg 300w, https://www.motorjournal.cz/wp-content/uploads/2023/01/Autokluby-Dykova-002-100x100.jpeg 100w, https://www.motorjournal.cz/wp-content/uploads/2023/01/Autokluby-Dykova-002-150x150.jpeg 150w, https://www.motorjournal.cz/wp-content/uploads/2023/01/Autokluby-Dykova-002-154x154.jpeg 154w, https://www.motorjournal.cz/wp-content/uploads/2023/01/Autokluby-Dykova-002-77x77.jpeg 77w, https://www.motorjournal.cz/wp-content/uploads/2023/01/Autokluby-Dykova-002.jpeg 481w" sizes="(max-width: 300px) 100vw, 300px" /></a></p>
<p>Za volantem bez bázně a&nbsp;chikany. Fenomén autoklubů v&nbsp;českých zemích 1904-1951, Sylvie Zouharová Dyková, Jan Němec</p>

<p>Za volantem bez bázně a&nbsp;chikany. Fenomén autoklubů v&nbsp;českých zemích 1904-1951, Sylvie Zouharová Dyková, Jan Němec</p>

Za volantem bez bázně a chikany. Fenomén autoklubů v českých zemích 1904-1951, Sylvie Zouharová Dyková, Jan Němec
